f 21?
True
Does 52 divide 10975172?
True
Is 458767659 a multiple of 7287?
True
Does 8 divide 14399528?
True
Does 1049 divide 94854776?
True
Does 2 divide 20992346?
True
Does 27 divide 71336295?
True
Is 4 a factor of 17758544?
True
Is 20681842 a multiple of 30?
False
Is 43062348 a multiple of 2157?
True
Is 980662406 a multiple of 11041?
False
Is 920 a factor of 182201803?
False
Is 536 a factor of 1511235384?
True
Is 10 a factor of 57772230?
True
Is 119 a factor of 142927819?
False
Is 3632 a factor of 555943865?
False
Does 147 divide 343333383?
False
Is 438 a factor of 29531004?
False
Is 160756386 a multiple of 357?
True
Is 168 a factor of 314240306?
False
Is 1446 a factor of 86130062?
False
Is 260873043 a multiple of 149?
False
Is 82224220 a multiple of 65?
True
Does 459 divide 82893759?
False
Is 16255469 a multiple of 37?
True
Does 106 divide 32133900?
True
Does 168 divide 48004605?
False
Does 24 divide 3218137?
False
Is 783 a factor of 42104259?
True
Is 93949087 a multiple of 883?
False
Is 382435582 a multiple of 531?
False
Is 5 a factor of 30110610?
True
Is 125 a factor of 7059953?
False
Does 13 divide 15921471?
False
Does 611 divide 314550383?
False
Is 2318653272 a multiple of 12?
True
Does 577 divide 41393410?
False
Is 1127065403 a multiple of 11?
False
Is 464 a factor of 132664560?
True
Is 2060501 a multiple of 21?
False
Is 724793572 a multiple of 1013?
False
Is 89541716 a multiple of 660?
False
Is 1152 a factor of 23637137?
False
Does 2242 divide 43289452?
False
Does 8 divide 11962840?
True
Is 29107296 a multiple of 288?
True
Is 1037358273 a multiple of 21?
True
Is 16473259 a multiple of 913?
True
Is 74 a factor of 932924142?
True
Does 2616 divide 261484896?
True
Is 87 a factor of 82583445?
True
Is 31950217 a multiple of 8?
False
Is 75920364 a multiple of 2211?
False
Is 150371637 a multiple of 640?
False
Is 451 a factor of 173669146?
False
Does 28 divide 306296718?
False
Is 130872058 a multiple of 19?
False
Does 7 divide 2209475686?
False
Does 31 divide 197945478?
True
Does 703 divide 224375519?
False
Is 590 a factor of 183269392?
False
Does 1090 divide 277936920?
True
Does 77 divide 10123883?
True
Is 91 a factor of 833097447?
True
Does 13 divide 27247168?
True
Does 1888 divide 136540160?
True
Is 1151447405 a multiple of 12065?
True
Is 167392217 a multiple of 5617?
True
Is 136 a factor of 525015519?
False
Is 1329652540 a multiple of 115?
True
Does 14 divide 314580?
True
Is 937198881 a multiple of 2398?
False
Is 73680236 a multiple of 54?
False
Does 4 divide 1516196044?
True
Is 923729 a multiple of 811?
True
Is 7 a factor of 21388073?
True
Is 13 a factor of 66171859?
True
Is 22138270 a multiple of 3?
False
Is 1355 a factor of 312732645?
True
Is 1080050228 a multiple of 1590?
False
Does 203 divide 1149243900?
True
Does 8 divide 1838117147?
False
Is 9085344 a multiple of 816?
True
Does 126 divide 25681446?
True
Is 124132230 a multiple of 18?
True
Does 113 divide 127073359?
True
Is 135966198 a multiple of 274?
True
Is 116303744 a multiple of 4?
True
Does 1577 divide 502103956?
False
Is 33 a factor of 38321732?
False
Is 592062780 a multiple of 582?
True
Is 1564374053 a multiple of 411?
False
Is 39 a factor of 103320141?
False
Does 14 divide 791983304?
True
Is 12425568 a multiple of 54?
False
Is 118844388 a multiple of 26?
True
Does 20 divide 118125200?
True
Is 13270236 a multiple of 7?
True
Does 64 divide 1686677617?
False
Is 4073999 a multiple of 100?
False
Is 571 a factor of 393980337?
False
Does 177 divide 242201106?
False
Does 2008 divide 31515560?
True
Does 15 divide 89612685?
True
Does 46 divide 24028836?
True
Is 460 a factor of 570980352?
False
Is 62 a factor of 10472916?
True
Does 94 divide 12269523?
False
Does 64 divide 10077812?
False
Does 3397 divide 1601699088?
True
Is 680 a factor of 14309240?
True
Is 2325 a factor of 210913214?
False
Is 2393 a factor of 61794439?
True
Is 1968 a factor of 29931259?
False
Does 2 divide 24022?
True
Does 10785 divide 1702759811?
False
Does 206 divide 132846310?
True
Is 937177458 a multiple of 529?
True
Does 238 divide 396454212?
True
Is 1380 a factor of 30681540?
True
Does 228 divide 15659160?
False
Does 89 divide 11596253?
False
Is 461 a factor of 29761556?
False
Is 109277420 a multiple of 14?
True
Is 211198423 a multiple of 108?
False
Does 14 divide 25312280?
True
Does 1276 divide 303913852?
True
Is 181 a factor of 33273542?
False
Does 17 divide 49845292?
True
Does 97 divide 148648911?
True
Is 50 a factor of 2284475600?
True
Is 156287408 a multiple of 2192?
True
Is 4 a factor of 3152471?
False
Does 251 divide 17184464?
True
Does 487 divide 1910232176?
True
Does 692 divide 27949880?
True
Is 11165650 a multiple of 10?
True
Is 216 a factor of 915158456?
False
Does 589 divide 16297653?
False
Does 2201 divide 351042449?
False
Is 179173997 a multiple of 136?
False
Is 430701525 a multiple of 6225?
True
Is 32 a factor of 14277152?
True
Is 25 a factor of 16392500?
True
Does 101 divide 500769918?
True
Is 9573907 a multiple of 1319?
False
Is 1875346625 a multiple of 59?
False
Is 338 a factor of 158295878?
True
Is 367 a factor of 1496626?
True
Is 7549845 a multiple of 5?
True
Is 165324893 a multiple of 3319?
False
Is 134981593 a multiple of 110?
False
Does 4536 divide 488952349?
False
Is 675 a factor of 181129450?
False
Does 845 divide 23031832?
False
Is 45137888 a multiple of 35?
False
Does 15 divide 469416858?
False
Is 4 a factor of 46451564?
True
Does 8 divide 144781392?
True
Is 5140648 even?
True
Does 18 divide 657415285?
False
Does 4820 divide 984721180?
True
Is 95 a factor of 355722560?
True
Does 10 divide 535725195?
False
Is 39363148 a multiple of 98?
False
Does 65 divide 998475?
False
Is 118 a factor of 319905?
False
Does 6 divide 19713265?
False
Is 1210 a factor of 291578646?
False
Does 140 divide 339893820?
True
Is 85379070 a multiple of 35?
True
Does 510 divide 37539259?
False
Is 296674914 a multiple of 8482?
True
Is 5 a factor of 5139402?
False
Is 2 a factor of 928194?
True
Is 1568 a factor of 33773152?
True
Is 3860 a factor of 795939720?
True
Does 21 divide 3637790834?
False
Is 13778498 a multiple of 166?
True
Is 4664565130 a multiple of 5516?
False
Is 37550592 a multiple of 843?
True
Does 771 divide 491465092?
False
Does 11 divide 43539075?
False
Is 741028242 a multiple of 11628?
False
Does 19 divide 3241270?
False
Does 1433 divide 119147617?
False
Is 13323024 a multiple of 198?
True
Is 50 a factor of 38965456?
False
Does 25 divide 1553400?
True
Does 204 divide 284797260?
True
Does 243 divide 22089610?
False
Is 679016 a multiple of 4?
True
Is 1209 a factor of 653387956?
False
Does 17 divide 131202668?
True
Is 783129280 a multiple of 8?
True
Is 60871440 a multiple of 84?
True
Does 2347 divide 151862635?
True
Is 5927716 a multiple of 4?
True
Is 2 a factor of 13737069?
False
Does 356 divide 36200216?
True
Is 42242948 a multiple of 18?
False
Does 2255 divide 798773227?
False
Does 460 divide 471327500?
True
Is 15321431 a multiple of 61?
True
Is 39485014 a multiple of 9?
False
Is 43 a factor of 76460450?
True
Is 3036 a factor of 1288927728?
True
Is 2801706480 a multiple of 180?
True
Is 16294121 a multiple of 120?
False
Is 50 a factor of 98644900?
True
Is 65 a factor of 423576950?
False
Is 2639775 a multiple of 3?
True
Is 10 a factor of 68098468?
False
Is 1109 a factor of 61629348?
True
Does 55 divide 37529250?
True
Does 2207 divide 675134542?
True
Is 4537397466 a multiple of 176?
False
Is 1812187 a multiple of 394?
False
Is 2245 a factor of 1236308030?
True
Is 1656621078 a multiple of 14?
True
Is 76 a factor of 202517554?
False
Is 3600716 a multiple of 196?
True
Is 99 a factor of 160296444?
True
Is 217435526 even?
True
Is 370857932 a multiple of 5?
False
Is 8866926 a multiple of 141?
True
Is 268775910 a multiple of 234?
True
Is 503 a factor of 236770651?
True
Is 44 a factor of 3618289136?
True
Is 6 a factor of 142070970?
True
Does 34 divide 18525510?
False
Is 72 a factor of 3894696?
True
Does 37 divide 951947692?
True
Is 4357332034 a multiple of 197?
False
Does 1538 divide 194375225?
False
Is 2022 a factor of 700742613?
False
Is 365875920 a multiple of 48?
True
Is 9 a factor of 1240200365?
False
Is 5453100 a multiple of 5?
True
Does 52 divide 254016587?
False
Is 20634484 a multiple of 4108?
True
